st common divisor of 4 and z?
4
Let y(k) = -k**3 - 10*k**2 - 5*k - 2. Let u be y(-10). Calculate the greatest common divisor of u and 12.
12
Suppose 0 = 6*l - 52 - 92. What is the greatest common factor of l and 204?
12
Suppose 3*w - 2*w = 131. Suppose 3*q = -s + w, -3*s + 0*s + q = -433. Let i(n) = -4*n - 7. Let j be i(-5). What is the highest common factor of j and s?
13
Suppose 5*t - 140 = 230. Suppose j = t - 19. Suppose 0 = 5*q + 5*m - j, -5 = -q - m + 6*m. Calculate the greatest common divisor of q and 20.
10
Let b be (-2 + 6)/4 + 1. Suppose -k - 5 = -21. What is the greatest common divisor of b and k?
2
Suppose 0 = 2*j - 5*j + y + 18, 5*j + 5*y = 30. Calculate the highest common divisor of j and 48.
6
Let i(m) = -m + 5. Let z be i(-7). What is the greatest common divisor of 28 and z?
4
Suppose 0 = 7*x - 3*x - 72. Let h = -16 - -22. Calculate the highest common divisor of h and x.
6
Suppose -5*l + 5 = 0, -l + 4 + 11 = m. What is the greatest common factor of m and 49?
7
Suppose -3*m + 4*f = -1, -f = 2*m - 5 - 3. Suppose 2*c + 407 = 4*u - 65, 0 = m*u - c - 355. Calculate the highest common factor of 17 and u.
17
Let i be ((-10)/1)/((-4)/36). Let w = 14 + -9. Suppose -u + 2*u = 0, 2*u + 50 = w*h. What is the greatest common factor of h and i?
10
Suppose -3*z = -12 + 3. Suppose -81 + 252 = 4*q + z*w, -219 = -5*q - 2*w. Calculate the greatest common divisor of 15 and q.
15
Let l be -2 + (-5)/(15/(-6)). Suppose 2*u + u - 3 = l. Let x be (10 - u) + 1/1. Calculate the highest common factor of x and 110.
10
Let z be 5/((-2 - 4/(-8)) + 2). Let x(r) = 12*r - 4. Let w be x(5). Suppose -123 = -2*l - q + w, -449 = -5*l - q. What is the highest common factor of z and l?
10
Let z(f) = 101 + 90 + f - 55. Let j be z(0). Calculate the highest common divisor of j and 17.
17
Let r(x) = 3*x - 6. Let v be r(8). Let z be 3/6*v + 0. What is the greatest common factor of z and 36?
9
Suppose 11*s + 105 = 16*s. What is the greatest common factor of s and 3?
3
Suppose 6*h = h + 25. Suppose h*l = -2*c + 123, 463 = 5*c - 4*l + 139. What is the highest common divisor of c and 160?
32
Let f(d) be the third derivative of -1/60*d**5 - 1/3*d**4 + 0*d - 1/6*d**3 + 0 + d**2. Let s be f(-6). Calculate the highest common divisor of 44 and s.
11
Let g be 2 - (3 + 1 - 13). What is the greatest common factor of 33 and g?
11
Let u be 4/(-14) + (-48)/(-21). Let f be 6*(u + 12/(-9)). Suppose -17 = -f*v + 15. Calculate the greatest common factor of 88 and v.
8
Suppose 1 = i + 17. Let a = 31 + i. Let y = 8 - 3. Calculate the greatest common divisor of a and y.
5
Let v be ((-468)/(-208))/(0 - (-3)/8). Calculate the greatest common factor of 78 and v.
6
Let h = -17 - -65. Let d(v) = -7*v - 2. Let q be d(-2). What is the highest common divisor of h and q?
12
Let r(j) = j + 14. Let k = -14 - -3. Let v be r(k). Suppose 4*b = v*d - 26 + 374, -3*b + 3*d = -258. What is the greatest common divisor of b and 18?
18
Suppose 5*g = -5*y + 15, -2*g + 4*g - y = 6. Suppose -2*z = 10, 4*z + g = -5*l - 2. Suppose 2*x = l*x - 75. What is the greatest common factor of 15 and x?
15
Suppose 13*q = 18*q - 760. What is the greatest common factor of 19 and q?
19
Let s = 48 + 7. What is the highest common factor of s and 5?
5
Suppose -2*m - 2*q = -20, -4*m + 2*q - 3*q = -46. Calculate the greatest common divisor of 108 and m.
12
Suppose -4*k + 8*k = 72. What is the greatest common factor of 72 and k?
18
Suppose 2*o - 6 = 0, 168 = 5*a - 2*o - 1. Let t be 14*2/(-8)*-2. Calculate the highest common factor of a and t.
7
Let w be 2 + 2/(-3)*-3. Suppose -2*c + 4*c = w. Suppose -11 = -5*d + c*t, d - 4*d = 3*t - 15. Calculate the greatest common factor of d and 12.
3
Let s be (-13872)/9*(-12)/(-8). Let n be s/(-36) + 2/(-9). What is the highest common factor of 8 and n?
8
Let i be 1/(-3) - (-50)/6. Suppose -u + 9 + i = -4*b, 0 = -3*u - 5*b + 17. Calculate the greatest common factor of u and 99.
9
Let x(m) = m**2 + 4*m. Let b be x(-6). Suppose 3*n - 9 = 27. Let f = n + 18. Calculate the greatest common divisor of b and f.
6
Suppose 72 = 5*f - f. What is the greatest common factor of f and 6?
6
Let z = 7 - 3. Let p be (z/(-12))/(2/(-48)). Suppose 0 = 3*d + 2*b - b - 61, -2*d - b + 41 = 0. What is the greatest common divisor of p and d?
4
Let t = 2 - -1. Let w(v) = v**3 - v**2 + 2*v - 4. Let x be w(t). Let i be 5*(1 - 0)/1. Calculate the greatest common divisor of x and i.
5
Suppose 0*i - c + 27 = 3*i, 2*c = -4*i + 34. Let b be (-2 - (2 + -1))*(-80)/12. What is the highest common divisor of b and i?
10
Let y = 8 - 5. Suppose 0 = -y*o + 4 + 38. Calculate the greatest common divisor of o and 126.
14
Let u = 234 + -136. Calculate the highest common divisor of u and 28.
14
Suppose 4*b - 7*b = -3. What is the highest common divisor of 3 and b?
1
Let c = -28 + 46. Let f be 2/(-6) + 492/c. Let v be 1/2*(8 + -2). What is the highest common factor of v and f?
3
Let f(t) = t**2 - 7*t - 7. Let g be f(-4). Calculate the greatest common factor of g and 37.
37
Let n = 0 - -18. Let r = 23 + -14. Calculate the greatest common divisor of n and r.
9
Let v = 1 + 8. Calculate the greatest common factor of 36 and v.
9
Suppose x - 4*j - 28 = 0, -j - 2*j + 186 = 5*x. What is the greatest common divisor of 60 and x?
12
Let d(x) = -x + 15. Let j be d(10). Calculate the highest common divisor of j and 65.
5
Let q(h) = -3*h**3 - 4*h**2 - h - 3. Let s be q(-3). Let r(z) = 11 - 9 + 13 - z**2. Let m be r(0). Calculate the highest common divisor of m and s.
15
Let w = 21 + -2. Suppose 111 + w = 5*d. Calculate the greatest common factor of 104 and d.
26
Let d(t) = 8*t**3 + t**2 - 1. Suppose 3 - 1 = 2*h. Let u be d(h). Calculate the highest common divisor of 56 and u.
8
Let m be 6 - (4 - (0 + 2)). Let y(z) = z**2 + 3*z - 4. Let q be y(m). Let w be 12/2*(1 - -5). What is the highest common divisor of w and q?
12
Suppose -3*x = 100 - 325. Let o be x/(-2)*(-4)/3. Suppose 3*p = 2*n + o, -4 = -0*n + 4*n. What is the highest common divisor of 2 and p?
2
Let w be (6 - 1) + 48/8. Calculate the highest common divisor of 209 and w.
11
Let v(p) be the second derivative of p**3 + 2*p**2 + p. Let l be v(6). What is the greatest common factor of l and 20?
20
Let d = -23 - 5. Let z = 73 + d. What is the highest common divisor of z and 9?
9
Let i(t) = -t**2 + 7*t + 18. Let u be i(7). What is the highest common factor of 18 and u?
18
Let j = 13 - -55. Calculate the greatest common divisor of 170 and j.
34
Let f(d) = d**2 - 4*d - 4. Let l be f(4). Let c be (1 - 0)*(4 + l). Let k(t) = -t**2 + t + 10. Let w be k(c). Calculate the highest common factor of w and 80.
10
Let r be ((-2)/4)/(1/(-14)). Calculate the greatest common factor of r and 7.
7
Let n(s) = s**2 + 3*s. Let t be n(4). Suppose 3*w = 161 + t. Let p be w/6*(-32)/(-6). Calculate the highest common divisor of p and 8.
8
Suppose 2*l + a - 9 - 11 = 0, -2*l = -a - 28. What is the highest common factor of 30 and l?
6
Suppose 0*u + u = -x + 227, -2*x = 10. Suppose 0 = -t - 3*m + 68, -2*t - 2*m = 2*t - u. What is the highest common divisor of t and 8?
8
Suppose 3*x = -0*x + 9. What is the greatest common divisor of x and 21?
3
Suppose -2*s + 14 = 2. Let y(k) = 7*k**2 + 5 - k**3 - 1 - 2*k + 0. Let p be y(s). What is the greatest common divisor of 14 and p?
14
Let r(a) = -2*a + 6. Let j(h) = h**3 + 6*h**2 + 8*h + 7. Let t be j(-5). Let d = 3 + t. Let n be r(d). What is the greatest common factor of n and 8?
8
Let d(l) = -l**2 + 5. Let r(s) = -2*s**2 + s + 9. Let n(b) = 11*d(b) - 6*r(b). Let f be n(11). Calculate the greatest common factor of 8 and f.
8
Let y be (-16)/6*(-3)/2. Suppose 34 = y*t - 18. Suppose 3*n - 17 + 8 = -4*p, -n = -2*p - t. What is the highest common divisor of n and 49?
7
Let f be ((-125)/(-25))/((-2)/(-4)*1). Let q(z) = -z**3 + 4*z**2 + 4*z + 7. Let k be q(5). Calculate the greatest common divisor of k and f.
2
Let o(l) = -l**2 + 8*l - 4. Let j be o(3). Suppose -115 = -h - 3*g, 5*h - g - 2*g - 611 = 0. What is the greatest common divisor of j and h?
11
Let x(n) = n + 46. Let f be x(-7). What is the highest common divisor of f and 65?
13
Suppose -s + 3*j + 17 + 11 = 0, -68 = -5*s - 3*j. Suppose -2*b = b - 144. What is the greatest common divisor of b and s?
16
Suppose -3*m + 5*m - q = 15, -4*m +